ided by 314?
313
Calculate the remainder when 1512 is divided by 304.
296
What is the remainder when 27713 is divided by 210?
203
Calculate the remainder when 281845 is divided by 13.
5
What is the remainder when 53198 is divided by 266?
264
What is the remainder when 4068 is divided by 1529?
1010
Calculate the remainder when 218652 is divided by 109.
107
What is the remainder when 14192 is divided by 36?
8
What is the remainder when 964 is divided by 194?
188
What is the remainder when 336 is divided by 317?
19
Calculate the remainder when 4303 is divided by 50.
3
Calculate the remainder when 42737 is divided by 21360.
17
Calculate the remainder when 1627641 is divided by 479.
478
What is the remainder when 13142 is divided by 1867?
73
What is the remainder when 73356 is divided by 11?
8
Calculate the remainder when 40737 is divided by 173.
82
What is the remainder when 84882 is divided by 84868?
14
What is the remainder when 22819 is divided by 4385?
894
What is the remainder when 236902 is divided by 208?
198
What is the remainder when 1729 is divided by 108?
1
What is the remainder when 294145 is divided by 20?
5
Calculate the remainder when 780 is divided by 194.
4
What is the remainder when 6625 is divided by 6597?
28
What is the remainder when 84133 is divided by 2713?
30
What is the remainder when 24253 is divided by 1274?
47
Calculate the remainder when 11159 is divided by 49.
36
Calculate the remainder when 696 is divided by 33.
3
Calculate the remainder when 106237 is divided by 128.
125
Calculate the remainder when 1587 is divided by 996.
591
Calculate the remainder when 63389 is divided by 5757.
62
What is the remainder when 68113 is divided by 204?
181
What is the remainder when 538367 is divided by 9?
5
Calculate the remainder when 9313 is divided by 65.
18
What is the remainder when 20987 is divided by 2597?
211
What is the remainder when 123606 is divided by 267?
252
What is the remainder when 10527 is divided by 3495?
42
What is the remainder when 19158 is divided by 19155?
3
What is the remainder when 8683 is divided by 89?
50
What is the remainder when 52602 is divided by 47?
9
Calculate the remainder when 7591 is divided by 304.
295
What is the remainder when 472103 is divided by 632?
631
What is the remainder when 1223973 is divided by 898?
897
What is the remainder when 517131 is divided by 6?
3
Calculate the remainder when 1294118 is divided by 875.
868
What is the remainder when 14159 is divided by 17?
15
Calculate the remainder when 11206 is divided by 59.
55
Calculate the remainder when 23283 is divided by 152.
27
What is the remainder when 4458 is divided by 154?
146
What is the remainder when 11400 is divided by 187?
180
Calculate the remainder when 2209 is divided by 517.
141
What is the remainder when 24439 is divided by 20?
19
What is the remainder when 127502 is divided by 201?
68
Calculate the remainder when 73807 is divided by 10.
7
What is the remainder when 47102 is divided by 33?
11
Calculate the remainder when 19501 is divided by 3248.
13
Calculate the remainder when 688948 is divided by 75.
73
What is the remainder when 164294 is divided by 164276?
18
Calculate the remainder when 10474 is divided by 1493.
23
What is the remainder when 61736 is divided by 1?
0
What is the remainder when 7713 is divided by 1281?
27
What is the remainder when 12462 is divided by 181?
154
What is the remainder when 4086 is divided by 1355?
21
Calculate the remainder when 3668 is divided by 42.
14
What is the remainder when 24645 is divided by 379?
10
What is the remainder when 9915 is divided by 1379?
262
What is the remainder when 8481 is divided by 68?
49
Calculate the remainder when 111237 is divided by 515.
512
Calculate the remainder when 53250 is divided by 11.
10
What is the remainder when 45850 is divided by 22913?
24
Calculate the remainder when 5383 is divided by 34.
11
Calculate the remainder when 9628 is divided by 601.
12
What is the remainder when 520 is divided by 119?
44
Calculate the remainder when 61968 is divided by 91.
88
Calculate the remainder when 550342 is divided by 3.
1
Calculate the remainder when 7562 is divided by 89.
86
Calculate the remainder when 5514 is divided by 231.
201
What is the remainder when 22772 is divided by 2529?
11
What is the remainder when 49183 is divided by 8?
7
What is the remainder when 12570 is divided by 2510?
20
What is the remainder when 11756 is divided by 168?
164
Calculate the remainder when 294370 is divided by 333.
331
Calculate the remainder when 13506 is divided by 5.
1
What is the remainder when 2823019 is divided by 722?
721
What is the remainder when 691647 is divided by 856?
855
What is the remainder when 14033 is divided by 318?
41
Calculate the remainder when 3087 is divided by 127.
39
What is the remainder when 20771 is divided by 20732?
39
What is the remainder when 1019 is divided by 145?
4
What is the remainder when 2775 is divided by 163?
4
What is the remainder when 349091 is divided by 1006?
9
What is the remainder when 10744 is divided by 5362?
20
Calculate the remainder when 112843 is divided by 824.
779
What is the remainder when 131837 is divided by 3662?
5
Calculate the remainder when 3841 is divided by 1103.
532
What is the remainder when 1144 is divided by 125?
19
What is the remainder when 6599 is divided by 542?
95
Calculate the remainder when 22433 is divided by 14.
5
Calculate the remainder when 2991 is divided by 429.
417
What is the remainder when 19404 is divided by 4?
0
What is the remainder when 59747 is divided by 97?
92
What is the remainder when 21019 is divided by 110?
9
What is the remainder when 388918 is divided by 30?
28
Calculate the remainder when 24194 is divided by 23.
21
What is the remainder when 159382 is divided by 131?
86
What is the remainder when 103268 is divided by 243?
236
What is the remainder when 23926 is divided by 103?
30
Calculate the remainder when 4173 is divided by 385.
323
What is the remainder when 122492 is divided by 2916?
20
What is the remainder when 20030 is divided by 313?
311
What is the remainder when 3151673 is divided by 31?
27
What is the remainder when 32464 is divided by 901?
28
Calculate the remainder when 25538 is divided by 8443.
209
Calculate the remainder when 3202 is divided by 267.
265
What is the remainder when 1236 is divided by 276?
132
What is the remainder when 283 is divided by 81?
40
What is the remainder when 3672 is divided by 910?
32
Calculate the remainder when 46970 is divided by 1176.
1106
What is the remainder when 529531 is divided by 224?
219
Calculate the remainder when 16222 is divided by 331.
3
What is the remainder when 397 is divided by 390?
7
Calculate the remainder when 3823 is divided by 903.
211
Calculate the remainder when 23559 is divided by 812.
11
What is the remainder when 58034 is divided by 1161?
1145
Calculate the remainder when 197218 is divided by 13.
8
Calculate the remainder when 343 is divided by 150.
43
What is the remainder when 101788 is divided by 7?
1
What is the remainder when 4897 is divided by 77?
46
Calculate the remainder when 159652 is divided by 64.
36
Calculate the remainder when 898 is divided by 466.
432
What is the remainder when 804499 is divided by 114927?
10
Calculate the remainder when 4122 is divided by 413.
405
Calculate the remainder when 220528 is divided by 154.
0
What is the remainder when 323522 is divided by 103?
102
Calculate the remainder when 4375 is divided by 21.
7
What is the remainder when 17335 is divided by 787?
21
What is the remainder when 32830 is divided by 1492?
6
Calculate the remainder when 923636 is divided by 172.
168
What is the remainder when 9476 is divided by 3154?
14
What is the remainder when 19378 is divided by 262?
252
What is the remainder when 207397 is divided by 771?
769
What is the remainder when 7186 is divided by 13?
10
What is the remainder when 2100 is divided by 93?
54
Calculate the remainder when 55578 is divided by 119.
5
Calculate the remainder when 3052 is divided by 186.
76
Calculate the remainder when 170 is divided by 124.
46
Calculate the remainder when 21209 is divided by 4234.
39
Calculate the remainder when 54675 is divided by 16.
3
What is the remainder when 16535 i